o(6)?
2, 5
Let c(l) = -2*l**2 + 20*l + 2. What are the prime factors of c(10)?
2
Suppose -f + 49 = 3*s, -90 = -4*s - 3*f - 28. Let a = s - 38. What are the prime factors of (-4)/14 + (-132)/a?
2, 3
Suppose 3*p + 2*g = 199, -2*p + 27 = -2*g - 109. List the prime factors of p.
67
Suppose 5*m = 84 + 61. What are the prime factors of m?
29
Suppose 7*b - 15 = 2*b. What are the prime factors of b?
3
Suppose -1598 - 1570 = -16*m. What are the prime factors of m?
2, 3, 11
Let l be 4/6*75/10. Suppose m - 2*m = -l. What are the prime factors of m?
5
List the prime factors of 167 + 3/1 + 12/6.
2, 43
Let b = -23 + 32. List the prime factors of b.
3
Let p(q) = 4*q - 5. Let n(m) = m + 10. Let x be n(-6). Let w be p(x). Suppose -a + w = 1. List the prime factors of a.
2, 5
Let l = 4 + -8. Let m = 0 - l. Suppose 4 = f - m. What are the prime factors of f?
2
Let m = -12 + 20. List the prime factors of m.
2
Suppose 0*o = o - 5. Suppose r - 5*m - 2 = -2*r, 35 = o*r - 2*m. List the prime factors of r.
3
Let f = -4 + 2. Let m be 3/(18/(-57))*f. What are the prime factors of (m - 1)/(15/10)?
2, 3
Suppose 5*z - 11 = -3*m, 3*m - 3*z = z - 25. List the prime factors of (2 - -4) + (0 - m).
3
Let q = 9 - 4. Suppose 0*a - 60 = -q*a. Let k = a + -6. What are the prime factors of k?
2, 3
Suppose -n = 5*b - 3 - 32, 17 = n - 4*b. List the prime factors of (-50)/(-4)*40/n.
2, 5
List the prime factors of (2/(-5))/((-9)/135).
2, 3
What are the prime factors of (-6)/(-30) - 229/(-5)?
2, 23
Let g(t) = -33*t. Let s be g(-4). Suppose -6*h = -2*h - s. What are the prime factors of h?
3, 11
Let u = 0 - -2. Suppose u*o - 2*l - 26 = -o, -2*o + l = -19. What are the prime factors of o?
2, 3
Suppose 46 = -6*d + 16. Suppose -5*o + 3*p - 7*p = 55, -p + 5 = 0. What are the prime factors of (-216)/o - (-2)/d?
2, 7
Suppose 0 = 5*m + 4*o + 17, -2*o - 8 = 2*m - o. Let q = 14 + m. What are the prime factors of q?
3
Suppose 3*u - 2 - 4 = 0. Suppose -v - 5 = v - 3*q, u*v + 7 = 5*q. Let h = 5 + v. List the prime factors of h.
2
Let m be (-2)/7 - 174/(-21). Let k be (-40*1)/(m/(-20)). Suppose 0 = -3*a - 3*g - 14 + 50, 3*g + k = 5*a. List the prime factors of a.
17
Suppose 50 - 130 = -5*o. Let i(h) = -5*h - 63. Let x be i(-13). Suppose x*f + 3*s - 21 = 0, 2*s + o = -3*f + 60. What are the prime factors of f?
2, 3
Let c = 23 + 15. List the prime factors of c.
2, 19
Suppose 0 = 3*f - f. What are the prime factors of -9*(f - 8/6)?
2, 3
Suppose 0 = l + 67 + 47. Suppose m + 6 = -2*m, 3*j + 2*m = -34. What are the prime factors of l/j + 3/5?
2, 3
Let s(z) = -2*z - 4. Let x be s(-4). Let u be (-2)/1 - (x - 10). Suppose -3*v + 47 = -u. What are the prime factors of v?
17
Let y(i) = -i**2 - 5*i + 3. Let x be y(-6). List the prime factors of 17 - (1 - (x + 3)).
2
What are the prime factors of 257/2 + (-13)/(-26)?
3, 43
Let d(t) = 12*t + 30. What are the prime factors of d(7)?
2, 3, 19
Let o(k) = -39*k**3 + k**2 + k + 1. Let z be o(-1). Suppose 5*s - 90 = 15. Suppose -2*w + 2*v = -z, 1 - s = 5*v. List the prime factors of w.
2
Suppose 0 = 2*f - 2*l + 2 - 24, -l - 4 = 0. List the prime factors of f.
7
Let r = 17 - 16. List the prime factors of 0 + (28/r - -2).
2, 3, 5
Let y(t) = -t + 9. Let q be y(6). Suppose 5*z = -2*p - p + 100, -79 = -q*z + 2*p. What are the prime factors of z?
23
Suppose 0 = -a + 5*l + 48, 0 = 2*a + 2*l - 14 - 22. What are the prime factors of a?
23
Suppose 5*x - 369 - 46 = 0. What are the prime factors of x?
83
Let j(s) = -3*s - 4. Let c be j(6). List the prime factors of ((-4)/(-8))/((-1)/c).
11
Suppose 0 = -n - 21 + 5. Let c = n - -21. What are the prime factors of c?
5
Let q = -18 + 32. Let c = 37 + q. List the prime factors of c.
3, 17
Suppose -q = 4*n - 61, 5*n + 3*q - 70 = 8*q. Let y be 3/n - (-48)/10. Suppose 0*o - 3*r + 6 = -o, 4*o = y*r + 4. What are the prime factors of o?
2, 3
List the prime factors of (12/10)/(2/80).
2, 3
Let v(f) = -2*f + 4. Let o be v(-8). Let g be (-10)/3*(-144)/o. Let z = g - 11. What are the prime factors of z?
13
Let b(q) be the first derivative of q**4/4 - q**3/3 + q**2/2 + 7*q - 1. Let i be b(0). Suppose 2*w - 1 = i. List the prime factors of w.
2
Suppose -4*y + 47 = -3*y. List the prime factors of y.
47
Suppose v - 3 + 1 = 0. Let d be v/2*6/2. Let m = 6 - d. List the prime factors of m.
3
Suppose 0*i - 4 = -2*i + 3*o, -3*o = i - 2. Suppose d + i*d = 51. Suppose -y + d = -5*v, -y - 3 = 4*v + v. List the prime factors of y.
7
Let m(r) = r**3 - 2*r**2 - r. Let h be 1/2*-2 + 1. Let w be -1 - (h + 4*-1). What are the prime factors of m(w)?
2, 3
Let p(x) = 0 - 3 - 7*x + 5. Let i be p(-5). Suppose 2*b = 5*f - i, -f + 22 = f + b. List the prime factors of f.
3
Let x(j) = j + 1. Let v be x(-5). List the prime factors of 1/v + (-348)/(-48).
7
Let g(n) = -n**3 + 11*n**2 - n + 8. Let h be g(11). Let i be (2/(-4))/(h/174). Let x = i + -18. List the prime factors of x.
11
Suppose 10*n - 2*n = 856. What are the prime factors of n?
107
Suppose -2*n = 13*n - 1350. List the prime factors of n.
2, 3, 5
Let u(o) = -2*o + 8. Let x be u(-7). Let k = 36 - x. What are the prime factors of k?
2, 7
Suppose -3*c = -4*d + 2*c - 64, c - 64 = 4*d. Let q = -12 - d. What are the prime factors of q?
2
Let c(r) = r**3 + 4*r**2 - 4. Let t be c(-3). Suppose -t*l = 4*w - 0*l - 70, -5*w - l + 98 = 0. Suppose 0 = -4*b + w + 44. List the prime factors of b.
2
Let j(f) = -2*f + 13. Suppose 3*q - 2*q + 15 = -5*r, 48 = -5*q + 2*r. List the prime factors of j(q).
3, 11
Let a be (2 - -1 - 3)/3. Suppose -4*v - 40 = 3*u - 6*u, 3*u + 3*v - 75 = a. List the prime factors of u.
2, 5
Let y(c) = -c**3 + c - 21. Let o be y(0). Let f = 35 + o. What are the prime factors of f?
2, 7
Suppose 223 = 5*y + 13. List the prime factors of y.
2, 3, 7
Let n = -20 - -38. Let q be 0/3 + -2 + 2. Suppose -3*j - w - 7 + 34 = q, -2*j + n = 5*w. List the prime factors of j.
3
Let j(p) = 9*p**2 + 2*p. List the prime factors of j(-2).
2
Let f be ((-2)/4)/((-1)/(-4)). Let t = 1 + -3. What are the prime factors of ((3 + 14)*f)/t?
17
Suppose 13*y = 10*y + 681. List the prime factors of y.
227
Suppose -17 = -4*i + 7. Suppose -2*m = -i*m + 4*z + 8, 31 = 5*m + 2*z. What are the prime factors of m?
5
Let h(r) = r**2 - r + 2. Let l = 3 + -3. Let w be h(l). Suppose 0 = -2*z + w, d - z = 1. List the prime factors of d.
2
Suppose 5*m - 5 = -5*x, 0 = -2*m + 5*x + 5 - 3. Let i = 38 + m. List the prime factors of i.
3, 13
Let x(y) = -y**3 - y**2 - 1. Let u(w) = 5*w**3 + 13*w**2 - 11*w + 5. Let d(l) = u(l) + 4*x(l). What are the prime factors of d(-10)?
11
Let y(c) = -c**3 - c**2 - 2*c + 1. Suppose -8 = 3*t + t. What are the prime factors of y(t)?
3
Suppose -4*u = -o - 7, -2*o + 7*o - 1 = 2*u. Suppose n - 5*z - 26 = -n, -u*n - z + 14 = 0. List the prime factors of n.
2
Let b(u) = u**3 + 5*u**2 + 5*u - 1. Let p be b(-5). Let o = p - -61. What are the prime factors of o?
5, 7
Suppose 0*i = -i. Suppose -3*p - 3*j + 48 = 0, -4*p + i*j - j = -52. List the prime factors of p.
2, 3
Let t(x) = x**3 - 2*x**2 + 2. Let h be t(2). Suppose -j + 4 = h. Suppose -9 + j = -g. List the prime factors of g.
7
Let a be 8/(-5) - (-18)/30. Let v = a - -13. List the prime factors of v.
2, 3
Suppose t + 5*k = 3*t - 52, -3*k + 12 = 0. Suppose -5*v = -3*w + 173 - t, 8 = 4*v. List the prime factors of w.
7
Let q(s) = s + 11. Let w(o) = -o - 10. Let k(v) = -3*q(v) - 2*w(v). Let x be k(-11). Let h(m) = m**3 + 2*m**2 - 2*m. List the prime factors of h(x).
2
Let d = -119 - -167. Suppose 3*u + 18 + d = 3*b, 4*b + u - 103 = 0. List the prime factors of b.
5
Let t be -2 - 1*2/(-1). Suppose 2*s + 2*s - 12 = t. Let m = s - -4. List the prime factors of m.
7
Let m(c) = 4 + c + 2 - 2 - 1. Let j(r) = r**2 + 8*r. Let x be j(-8). List the prime factors of m(x).
3
Let x(c) be the second derivative of -c**5/20 - 11*c**4/12 + 5*c**3/3 - 3*c**2/2 - 7*c. List the prime factors of x(-12).
3, 7
Let z(n) be the second derivative of n**4/12 + n**3/3 - 3*n**2/2 - 4*n. Suppose o = -2 - 3. What are the prime factors of z(o)?
2, 3
Suppose -2*o - 5*r + 31 = 0, 4 = -2*o + 3*r - 5. Let k(x) = 3 - 4*x + o*x**2 + 0 + 0. List the prime factors of k(2).
7
Suppose -5*p + 75 = -30. List the prime factors of p.
3, 7
Suppose 5*k - 4*b = -8*b, 0 = -3*k - 3*b. Suppose i + k*i = 14. What are the prime f